2*a = 7*a. Let d = 28 - a. What are the prime factors of d?
2, 7
Let l(p) = p**2 - 4*p + 2. Suppose 2*g + g - 9 = 0. Let y be l(g). List the prime factors of (21/12)/(y/(-8)).
2, 7
Suppose 34 + 2 = 4*n. List the prime factors of 48/n - (-2)/3.
2, 3
Let b = 3 + -2. Let n = -5 - -9. List the prime factors of b*-1*(-20)/n.
5
Suppose -2*t = -4*q + 14 - 6, -3*q - 1 = -5*t. List the prime factors of (0 - t/(-1)) + 4.
2, 3
Suppose -p + a + 35 = 0, -2*p - 2*p + 5*a = -139. Suppose 0 = -4*t - 0*t + p. Let s(r) = r**3 - 8*r**2 - 8*r - 6. What are the prime factors of s(t)?
3
Let q(x) = 3*x**2 + 18*x - 8. List the prime factors of q(-10).
2, 7
List the prime factors of (-3)/(5/(1230/(-9))).
2, 41
Suppose 0 = -3*q - 2*q + 2*m + 7, 2 = 2*q - m. Suppose d = -q*z + 20, -d = 4*z - 2*d - 22. List the prime factors of z.
2, 3
Suppose 4*q - 110 = 2*p, -q - 3*p = 3*q - 105. List the prime factors of q.
3
Let m(p) = p**2 + 11*p - 2. List the prime factors of m(6).
2, 5
Suppose -2*c - n + 0*n = -57, n - 138 = -5*c. What are the prime factors of (-1)/((-57)/c - -2)?
3
Suppose 0 = 4*t - 5*t + 16. Suppose -t = 4*r - 3*x, -5*r + 5*x - 15 = 10. List the prime factors of r/(12/(-10) - -1).
5
Let g be 1 - 21/(-3) - 1. Let x = g + -4. Suppose 14 = 3*t + 4*c, 7*t - 14 = x*t - 3*c. What are the prime factors of t?
2
Let c be (-14)/4*1*-2. Suppose 10 = -5*d - 3*s, 4*s + 18 = 5*d - c. List the prime factors of (0 - d - -8)*1.
7
Let l(q) = 2*q - 5. Let k be l(5). Suppose -165 = 4*c - 5*y, 2*c - 3*c - 43 = -3*y. What are the prime factors of (4/k)/((-2)/c)?
2
Let f be (-118)/(-3) - 14/(-21). Suppose -5*y = -5*b - f, y - 5*b = -3*y + 28. List the prime factors of y.
2, 3
Let h = 236 - 161. List the prime factors of h.
3, 5
Suppose d - 159 = -46. List the prime factors of d.
113
Let s(l) = l. Let j(a) = -a - 1. Let w(f) = -2*j(f) - 6*s(f). What are the prime factors of w(-2)?
2, 5
Suppose 11*z = 19*z - 1336. List the prime factors of z.
167
Let s(q) = q**2 - 12*q + 6. Let f be s(9). What are the prime factors of -3*1/(-3) - f?
2, 11
Suppose 0 = 2*h + 3*i - 18, -4*h + i + i + 4 = 0. Suppose 5*m - 4*c = -h*c + 122, 4*c = -8. What are the prime factors of m?
2, 3
Let m be (-24)/(-14) - 10/(-35). Suppose -4*p - 2 = -3*j, 5 = 3*j - 3*p + m*p. What are the prime factors of ((-1)/(-2))/(j/12)?
3
Let i(r) be the first derivative of r**4/4 + 2*r**3 - 2*r**2 - 9*r + 1. List the prime factors of i(-6).
3, 5
Suppose -5*c + 80 = -5*m, 6*c - 50 = 3*c + 5*m. What are the prime factors of c?
3, 5
Let p(a) be the second derivative of a**3/6 + 9*a**2/2 - 4*a. What are the prime factors of p(12)?
3, 7
Suppose 76 = 3*b - 32. List the prime factors of b.
2, 3
Let t = 4 + 23. Suppose 5*q = 5*u + 15, -u - 2*q - 3*q = -t. List the prime factors of u.
2
Let u be 2 - 0*3/9. Suppose 4*a + 36 = -5*t, 4*t - 2 = 5*a + u. What are the prime factors of 0 - (a + 1)*1?
3
Suppose 3*w = -2*w - 10, -5*x + 3*w + 511 = 0. What are the prime factors of x?
101
Let k(u) = -u + 1. Let v(m) = 5*m - 3. Let x(z) = -4*k(z) - v(z). List the prime factors of x(-8).
7
Suppose 4*b + 119 = 399. Suppose -4*f - 5*m = f - b, 13 = 2*f + 5*m. What are the prime factors of f?
19
Let p(i) = i**2 - 8*i + 4. Let q be p(8). Let f(n) = 2*n**2 - 2*n + 4. List the prime factors of f(q).
2, 7
Suppose 2*q - 810 = -4*a, a - 3*q - 79 = 106. What are the prime factors of a?
2, 5
Let u = -284 + 401. Suppose -y + 3 + 38 = -4*h, u = 5*y + 2*h. What are the prime factors of y?
5
Let v = -14 - -6. Let p = -4 - v. Suppose 0*h + p*h - 40 = 0. What are the prime factors of h?
2, 5
Let s be ((1 - -1) + -1)*9. Suppose a + s = 4*a. What are the prime factors of a?
3
Let l = -53 + 106. What are the prime factors of l?
53
Let b = -17 + 42. List the prime factors of b.
5
Let h = 8 + 108. What are the prime factors of h?
2, 29
Suppose -98 - 35 = -7*l. List the prime factors of l.
19
Let j(h) = -8*h - 4. Let b be j(-3). What are the prime factors of 48/2*15/b?
2, 3
Let k(u) = -2*u**2 - 3*u + 1. Let c be k(1). Let v(d) = -d + 1. Let f be v(2). What are the prime factors of ((-9)/(-18))/(f/c)?
2
What are the prime factors of (45 - -3)/2 - 2?
2, 11
Let q = -13 - -15. List the prime factors of q.
2
Let t(n) = -n**3 + 4*n**2 - 1. List the prime factors of t(-3).
2, 31
Suppose -a + 90 = 4*a. Suppose x - a = -2*x. List the prime factors of x.
2, 3
Let x(l) = l**2 - 7*l - 6. What are the prime factors of x(-3)?
2, 3
Suppose 0 = -3*n + 56 + 28. What are the prime factors of n?
2, 7
Suppose 4*i - 2 = 18. List the prime factors of i.
5
Let p(i) = i**2 + i. Let z be p(-3). Let d be (0 - -2) + z/(-3). Suppose -o - 3*q = 2*q - 10, d = -4*o - 3*q + 23. What are the prime factors of o?
5
Suppose 4*w - 4 = -2*m, -m - 5*w + 0 - 1 = 0. Let x(u) = -u**3 + 5*u**2 - 6*u + 4. Let k be x(m). Let n = k - -17. What are the prime factors of n?
13
Suppose 0 = z + 3*m - 37 - 82, 3*z - 5*m = 413. What are the prime factors of z?
131
Suppose 0 = -t + 4*t + 39. What are the prime factors of (-2)/t - 258/(-13)?
2, 5
Let s(c) = 4*c**2 - c - 5. What are the prime factors of s(-4)?
3, 7
Let x = -72 + 141. What are the prime factors of x?
3, 23
Suppose 0 = -t + 2*t - 33. List the prime factors of t.
3, 11
Suppose 208 = 3*w + w. List the prime factors of w.
2, 13
Suppose -13*c + 15*c - 20 = 0. List the prime factors of c.
2, 5
Let k(n) = n**3 - 7*n - 2*n + 0*n + 10 + 6*n**2. List the prime factors of k(-7).
2, 3
Suppose 5*b = 2*b - 12. Let n be 2/8 - b/(-16). Let w = n - -4. What are the prime factors of w?
2
Let b(k) = 49*k**3 + 3*k - 2. List the prime factors of b(1).
2, 5
Let c be (0/3)/(2/1). Suppose c = -x - 2*b + 12, -5*x = -4*b - 22 - 10. What are the prime factors of x?
2
What are the prime factors of 7*(0 - -21) + 4?
151
Let p = 17 + -45. Let m = 45 + p. List the prime factors of m.
17
Let k be -7 + (4 - 9) + 3. List the prime factors of -15*k/15*1.
3
Suppose 3*j - m = m + 99, 2*j + 5*m - 66 = 0. List the prime factors of j.
3, 11
Let t = 8 + 36. List the prime factors of t.
2, 11
Suppose 77 + 241 = 6*a. List the prime factors of a.
53
Suppose 3*f - 13 = -1. Let i = 39 - f. List the prime factors of i.
5, 7
Let s = -5 - -8. Suppose 3*b - s*n = 18, -2*b = n + n + 4. What are the prime factors of 2 + b - (1 - -1)?
2
Suppose -3*b - 14 = -4*f, -2*f - 2*f = 2*b - 24. Suppose b*g - 135 = -3*g. List the prime factors of g.
3
Suppose 5*u - 2*u + 4*h = 8, 5*u = -h + 19. Suppose -u*k + k + 9 = 0, -72 = -5*l - 4*k. What are the prime factors of l/(-10)*(-15)/2?
3
Let b be (-8)/(-3)*3/(-2). Let g(j) be the second derivative of -j**3/3 - 9*j. What are the prime factors of g(b)?
2
Let j = 103 + -58. What are the prime factors of j?
3, 5
Let r = 19 + -27. Let q(t) = 5*t**3 + 46*t**2 - 40*t - 9. Let z(x) = -x**3 - 9*x**2 + 8*x + 2. Let j(p) = 2*q(p) + 11*z(p). List the prime factors of j(r).
2
Let b be 1 - 12*(-2 + 1). Suppose -r + b = 3. What are the prime factors of r?
2, 5
Let a(k) = -k + 1. Let f = -18 + 10. Let x be a(f). Suppose -x + 0 = -n. List the prime factors of n.
3
Suppose 2*t - 223 = -5*a + 25, 0 = t - 4. List the prime factors of a.
2, 3
Let d(j) = -4*j - 1 + 3*j + 4*j. Let n be d(1). List the prime factors of (11 + -2)/(3/n).
2, 3
List the prime factors of (-140)/(-30)*54/7.
2, 3
Let w(r) = -r**3 + 8*r**2 + 3*r + 3. Let k be w(4). Suppose -3*t + k = 28. What are the prime factors of t?
17
Suppose -77 = -5*m - 7. Let k = -9 + m. Suppose 2*z = -k*x + 58, -x = -4*z - 0*z - 16. List the prime factors of x.
2, 3
Suppose 2*a - 4*r = -a + 9, -14 = -a + 5*r. Let v(d) = -23*d + 1. List the prime factors of v(a).
2, 3
What are the prime factors of 124/12 + 1/(-3)?
2, 5
Suppose 0*p - 2*p = -44. List the prime factors of p.
2, 11
What are the prime factors of 4/10 - (-2328)/30?
2, 3, 13
Let h = -26 + 35. List the prime factors of h.
3
Let m(s) = 5*s - 2. What are the prime factors of m(3)?
13
Suppose 4*t = -3*s - 55, 2*t + 15 = -t + 3*s. Let g be ((-1)/2)/(t/300). Suppose g + 0 = 3*u. What are the prime factors of u?
5
Suppose 18 = -w + 79. List the prime factors of w.
61
Suppose 0 = -24*x + 20*x + 1360. What are the prime factors of x?
2, 5, 17
What are the prime factors of 116/16 - 6/(-8)?
2
Let j(s) = 3*s**3 - 3*s**2. Let p be j(2). Let t be p/1 - (1 - 1). Suppose t = 5*m - 2*m. What are the prime